rivative of 11*c**4/24 - c**3/3 + 2*c**2. Determine o(2).
20
Let i(c) = 0 + 0 - 3*c - 5 + 4*c. Let j(p) = -2*p + 6. Let z(o) = -5*i(o) - 4*j(o). Determine z(2).
7
Let f = -3 + 2. Let n(k) be the third derivative of -1/24*k**4 + 0*k + 0 + k**2 - 1/6*k**3 + 1/6*k**5. Determine n(f).
10
Let g(n) = -n - 3 + 0 + 2 + 3. Determine g(1).
1
Let b(k) = k + 4 - 4*k + 6*k - k**2. Let j be (-3)/(3/(-10)) - 0. Let w be j/(-3)*30/(-25). Calculate b(w).
0
Let n(v) = -2*v**3 - v**2 + v - 2. Let s = 8 - 10. What is n(s)?
8
Let f(x) = 6*x**3 - 7*x**2 - 7*x + 3. Let b(l) = -l**3 + l**2 + l. Let t(n) = 5*b(n) + f(n). Calculate t(2).
-1
Let q(f) = 1. Let u(h) = h - 3. Let d(n) = 6*q(n) + u(n). What is d(-5)?
-2
Let z(s) = 4*s**2 - 4*s - 3. Let h be z(-2). Suppose 6 - h = -l. Suppose -m + l = 2*m. Let y(f) = f**2 - 5*f + 3. Determine y(m).
3
Suppose 5 = 3*x + p + 3*p, 0 = 5*x - 4*p + 45. Let w be (x/(-15))/(2/(-18)). Let j(l) = -l**2 - 3*l + 1. Determine j(w).
1
Let a(p) = 8*p - 2*p - 2*p. Let g(z) be the third derivative of -z**4/3 + 3*z**2. Let l(r) = -5*a(r) - 2*g(r). Give l(2).
-8
Let u be (-2)/(-4) + (-9)/(-2). Suppose 5*d + 4*h = h + 42, -20 = -u*h. Suppose 2*c = d*c - 12. Let n(g) = 2*g - 4. Determine n(c).
2
Let z(n) = 4*n - 3. Let x(y) = -2*y - 8. Let b be x(-5). Give z(b).
5
Let x(g) = -g**2 + 3*g - 1. Let z(d) = 3*d**2 - 7*d + 3. Suppose -2 - 8 = 2*j. Let n(s) = j*x(s) - 2*z(s). Calculate n(-2).
-3
Let l(x) = x**3 + 5*x**2 + x - 2. Suppose 0*p + 19 = -2*p + 3*k, 2*k = -3*p - 9. Determine l(p).
-7
Let d = 52 + -55. Let r(s) = -3*s - 4. Determine r(d).
5
Let z(a) = -a**2 + 2*a + 5. Suppose -3*t + 5*w + 59 = 22, 5 = -w. Give z(t).
-3
Let o(d) = -d**3 + 7*d**2 + 2*d - 7. Let r be o(7). Let v(y) = -32 - y**2 + 16 + 14 - r*y. Give v(-6).
4
Let j(v) = -v**2 + 5*v + 2. Let s be 6/(-21) - 16/(-7). Suppose -s - 10 = -2*f. What is j(f)?
-4
Let u(m) = -m**3 + 4*m**2 - m + 1. Let x(o) = -11 + o**2 + 11. Let v be x(2). Give u(v).
-3
Let n(j) = 2*j + 3. Let v(c) = -c. Let i(u) = 5*u - 5. Let d(t) = i(t) + 4*v(t). Let x be d(5). Let h(b) = b**2 + b - 2. Let k be h(x). Calculate n(k).
-1
Let a = 10 + -4. Suppose -3*j = -j - a. Let t(y) = 2*y - 1. Give t(j).
5
Suppose 31 - 7 = -3*k. Suppose r = -r + f + 21, 5 = r + 5*f. Let v = k + r. Let z(g) = -2*g**2 + g. Give z(v).
-6
Suppose -2*d + 1 + 7 = 0. Let x(m) be the second derivative of -m**5/20 + m**4/3 - m**3/2 + 3*m**2 - 3*m. Determine x(d).
-6
Let c(a) = -6*a**2 - 1. Suppose -2 = 14*n - 16*n. Determine c(n).
-7
Let y(c) = c**2 - 1. Suppose -3*v + 2*v + 4*w = -18, -w + 4 = 4*v. Let n = v + -3. Calculate y(n).
0
Let m be (-1)/1*(-3 + 2). Let k(z) = -m - z - 3 + 4. Let l be (-24)/14 + 4/(-14). What is k(l)?
2
Let w(h) = -4*h**3 - 5*h**2 + 7*h. Let c(p) = -7*p**3 - 10*p**2 + 14*p. Let x(j) = 3*c(j) - 5*w(j). Calculate x(-6).
-6
Let l(c) = c**3 - 3*c**2 - c + 2. Suppose 6*o - 18 = 3*o. Let q be o*(2 - (-39)/(-6)). Let f be 4/18 - 48/q. Determine l(f).
-4
Let f(p) = 2*p - 3 - p**2 + 1 - 3*p. Let s be (-10)/45 - 4/(-18). What is f(s)?
-2
Let g(y) = -y**3 + 5*y**2 + 6*y - 2. Suppose 0 + 3 = i. Suppose 12 = -w + i*w. Give g(w).
-2
Let j(s) = s - 1. Let x(i) = i - 5. Let l(u) = 2*u**3 - u**2 - 3*u + 2. Let k be l(2). Let t be x(k). Calculate j(t).
2
Suppose -10*i + 5*i = 30. Let a(h) = -h - h**3 - 7*h**2 + 0*h**3 + h**2 - 3. Calculate a(i).
3
Suppose 0 = 2*n - 5 + 15. Let u be -1*3/(-3)*n. Let c(j) = j**2 + 7*j + 7. Calculate c(u).
-3
Let m(h) = -h + 8. Let a be m(5). Let o = a + -5. Let c(b) be the third derivative of b**5/60 - b**4/24 - b**3/6 + b**2. Give c(o).
5
Suppose -3 = -2*x + 3. Let t = 6 - 2. Let k(a) = 4 + 0*a - t*a - a + 5*a**2 - a**x. Calculate k(4).
0
Let b(s) = -s**2 - 3*s. Let h(o) = -o**2 + 3*o + 0*o**3 - 4*o + 2*o**3. Let w be h(-1). Let n be (6*w/(-3))/(-1). Determine b(n).
-4
Suppose 5*c + 3 = 7*c - 3*v, c + 2*v + 9 = 0. Let r(b) be the second derivative of -b**5/20 - b**4/4 - b**3/2 - 2*b**2 - b. What is r(c)?
5
Let y be 0/((-3)/1) - -1. Suppose y = c - 2*c. Let j(m) = 3*m - 1. Calculate j(c).
-4
Let i(v) = -7 - 3 - v + 3. Let b(o) = 2*o + 7. Let r be b(-5). Let s be (3/(r/(-5)))/(-1). Determine i(s).
-2
Let o be 2 - (0 - -7 - 3). Let a(b) be the second derivative of -b**4/12 - b**3/3 - b**2/2 - 5*b. Calculate a(o).
-1
Let q(i) = i**3 + i + 4*i**2 - 1 - 1 + 3 - 6*i. Let k(j) = -j**3 - 5*j**2 - 4*j + 1. Suppose h + 6 = 3. Let b be k(h). What is q(b)?
1
Let j(p) = -p + 14. Let u be j(8). Let l(i) = -6*i**3 + 5*i**3 - 5 - 7 + u + 8*i**2. What is l(8)?
-6
Suppose -3 = -5*h - 3*y - 2, 2*y - 3 = -h. Let w(f) = f - 1. Let s(b) = 3*b - 9. Let p(r) = h*s(r) + 4*w(r). Give p(-5).
0
Let n(a) = 5*a - 2*a - 4 + 3. Let f be 4/(-20) + 11/5. Suppose -7*t + f*t - 10 = 0. Calculate n(t).
-7
Let k be (-2)/(-6)*5/10. Let u(b) be the second derivative of -k*b**3 + 1/2*b**2 + b + 0 + 1/12*b**4 + 3/10*b**5. Give u(1).
7
Let p(n) = -n - 14. Let u be 3/(-6) - (-11)/(-2). Calculate p(u).
-8
Let b(c) = c**2 - c - 2. Let q be b(-2). Suppose -5 = -5*y - 5*j, 3*j = y - j - 26. Suppose z + y = q*z. Let k(u) = u**2 + u + 1. What is k(z)?
7
Let k(n) be the first derivative of -n**4/4 + n**3 - n**2/2 + 5*n - 15. Determine k(4).
-15
Let p(s) = s - 1. Let j(g) = -12*g + 5. Let o(v) = j(v) + 6*p(v). Suppose 0 = 4*u + 3*f - 8 + 27, 0 = -5*u - 3*f - 20. Determine o(u).
5
Let n be 2/8 + 38/8. Let p(t) = 2 - 17*t - 6 - 14 - 5*t**2. Let i(z) = -3*z**2 - 11*z - 12. Let s(x) = 8*i(x) - 5*p(x). What is s(n)?
4
Let w(u) = -u**2 + 3*u + 1. Let q be 1/(-3) + 7/3. Suppose 3*i - 4*i - q = -t, 4*i - 13 = -3*t. Suppose 0 = l - t*l + 10. Calculate w(l).
-9
Let q(j) be the third derivative of 5*j**4/24 - j**3/3 + 7*j**2. Calculate q(2).
8
Let p(b) = -b**2 - 9*b + 5*b + 0 - 3. What is p(-6)?
-15
Suppose 49 = 4*j + 21. Let i(p) = -1 + 0*p + 6*p + j*p**2 - 5*p. Let s = 0 - -1. Calculate i(s).
7
Let i(j) = -4*j**2 - 21*j + 11. Let c(r) = r**2 + 7*r - 4. Let a(u) = 7*c(u) + 2*i(u). Let x(z) = z**3 + 8*z**2 + 5*z - 10. Let k be x(-7). What is a(k)?
6
Let q(y) = y**3 - 3*y**2 + 4. Let r be q(3). Suppose -3*d + r*d - 3 = 2*t, 5*d = 5*t + 20. Let x(v) = v - 10. What is x(d)?
-5
Let y(q) = q - q**3 + 3*q**2 - q**2 + 2 - 4*q**2. Let s(u) = u**2 - 3*u - 7. Let z be s(5). Suppose -z*h + 6 = 3*a + 24, h + 4*a + 18 = 0. Determine y(h).
0
Let g(a) = a + 4. Let x(i) = 2*i**3 + i**2 + i - 1. Let j be x(1). Let k be j - 2/1 - -3. What is g(k)?
8
Let i(z) = -z - 8. Let u = -36 + 29. What is i(u)?
-1
Let c = 7 + -4. Let l(u) = 1 - c + u + 1. Suppose -4*p = -7*p - 3. Calculate l(p).
-2
Let a(w) be the third derivative of w**6/120 + w**5/12 + w**4/8 + w**3/6 + 17*w**2. What is a(-4)?
5
Let z(o) = -o**2 + 2*o - o**2 - o**2 + o**2 + 3. Calculate z(3).
-9
Let h = 9 + -9. Let t(o) = -o + 10. Determine t(h).
10
Suppose -s = -k + 5*k - 14, 2*s + 3*k - 13 = 0. Let v(w) = w**s - 2 + 0*w**2 + 3 - 4*w + 0. Calculate v(3).
-2
Let y(j) be the second derivative of 0 - 2*j + 1/3*j**3 + 1/2*j**5 - 1/2*j**2 - 1/6*j**4. Calculate y(1).
9
Let x(b) = 4*b**3 + 11*b**2 + 7*b. Let q(z) = z**3 + z**2. Let t(o) = -3*q(o) + x(o). What is t(-7)?
0
Suppose 9*s - 5 = 4*s. Let r(v) = -1 + 0 + 9*v**2 - v**3 + v - v**2 - 7*v**2. What is r(s)?
0
Let t(o) = -6*o - 2. Let n(u) = 7*u + 2. Let d(y) = 5*n(y) + 6*t(y). Calculate d(2).
-4
Let t(d) = d**3 - 2*d**2 + 2*d + 2. Suppose 16*b - 8 = 12*b. What is t(b)?
6
Suppose 2*p + p - 12 = -y, 5*y = -2*p + 8. Let i = -11 + 12. Let j(z) = -i + 2 - 7*z + 6*z. Give j(y).
1
Let y(p) be the third derivative of -p**6/120 + p**5/10 - p**4/4 - p**3/3 - 2*p**2. Give y(5).
-7
Let f be (1 + -6)*(-3 + 2). Suppose -u + f = 1. Let t(w) = -2*w**2 - 9*w + 2. Let v(x) = -3*x**2 - 17*x + 5. Let g(k) = -5*t(k) + 3*v(k). Calculate g(u).
-3
Let c be ((-2)/6)/(1/3). Let p(o) = o**2 - 5*o - 1. Let g be p(6). Let t(k) = -g*k - k**3 + 3*k - 7*k**3 + 3*k. What is t(c)?
7
Let r(n) be the third derivative of 0*n + 0*n**4 + 1/30*n**5 + 0 + 0*n**3 + 2*n**2. Let a(i) = i**2 + 6*i - 2. Let s be a(-6). Determine r(s).
8
Let q(z) = z**3 - 22*z**2 - 2*z + 41. Let s be q(22). Let p(f) = 3*f - 3. Calculate p(s).
-12
Let c(i) = -2*i - 3. Let g(z) = z + 2. Let v(t) = -4*c(t) - 6*g(t). Let j(k) = k**2 - 6*k - 2. Let p be j(6). What is v(p)?
-4
Let w(g) = -g - 2. Let m = -30 - -34. Determine w(m).
-6
Let y(r) = 